r when 623 is divided by 16.
15
Calculate the remainder when 501 is divided by 27.
15
What is the remainder when 478 is divided by 233?
12
What is the remainder when 726 is divided by 171?
42
What is the remainder when 1378 is divided by 12?
10
What is the remainder when 210 is divided by 48?
18
What is the remainder when 271 is divided by 69?
64
What is the remainder when 1244 is divided by 327?
263
What is the remainder when 194 is divided by 40?
34
Calculate the remainder when 1119 is divided by 34.
31
What is the remainder when 44 is divided by 31?
13
Calculate the remainder when 3738 is divided by 44.
42
Calculate the remainder when 1559 is divided by 405.
344
What is the remainder when 141 is divided by 13?
11
What is the remainder when 488 is divided by 6?
2
What is the remainder when 852 is divided by 19?
16
What is the remainder when 849 is divided by 71?
68
Calculate the remainder when 97 is divided by 26.
19
What is the remainder when 344 is divided by 69?
68
What is the remainder when 25 is divided by 13?
12
What is the remainder when 877 is divided by 10?
7
What is the remainder when 283 is divided by 16?
11
Calculate the remainder when 466 is divided by 218.
30
What is the remainder when 5388 is divided by 98?
96
Calculate the remainder when 68 is divided by 13.
3
Calculate the remainder when 122 is divided by 26.
18
Calculate the remainder when 215 is divided by 84.
47
What is the remainder when 370 is divided by 21?
13
Calculate the remainder when 44 is divided by 3.
2
Calculate the remainder when 1139 is divided by 22.
17
Calculate the remainder when 155 is divided by 36.
11
What is the remainder when 291 is divided by 30?
21
Calculate the remainder when 1082 is divided by 112.
74
Calculate the remainder when 1402 is divided by 199.
9
What is the remainder when 188 is divided by 21?
20
Calculate the remainder when 527 is divided by 12.
11
Calculate the remainder when 376 is divided by 124.
4
What is the remainder when 170 is divided by 108?
62
What is the remainder when 262 is divided by 40?
22
Calculate the remainder when 319 is divided by 156.
7
Calculate the remainder when 202 is divided by 68.
66
Calculate the remainder when 1377 is divided by 667.
43
What is the remainder when 1511 is divided by 139?
121
What is the remainder when 1817 is divided by 26?
23
Calculate the remainder when 90 is divided by 24.
18
What is the remainder when 229 is divided by 115?
114
What is the remainder when 22447 is divided by 23?
22
Calculate the remainder when 907 is divided by 9.
7
What is the remainder when 73 is divided by 21?
10
Calculate the remainder when 79 is divided by 29.
21
Calculate the remainder when 384 is divided by 26.
20
What is the remainder when 355 is divided by 233?
122
Calculate the remainder when 18 is divided by 13.
5
What is the remainder when 741 is divided by 4?
1
What is the remainder when 140 is divided by 63?
14
What is the remainder when 314 is divided by 15?
14
Calculate the remainder when 255 is divided by 63.
3
What is the remainder when 134 is divided by 69?
65
What is the remainder when 331 is divided by 21?
16
Calculate the remainder when 741 is divided by 75.
66
Calculate the remainder when 285 is divided by 22.
21
What is the remainder when 750 is divided by 240?
30
Calculate the remainder when 167 is divided by 7.
6
Calculate the remainder when 6115 is divided by 266.
263
What is the remainder when 246 is divided by 21?
15
What is the remainder when 17889 is divided by 71?
68
What is the remainder when 20 is divided by 11?
9
What is the remainder when 499 is divided by 26?
5
What is the remainder when 77 is divided by 15?
2
What is the remainder when 240 is divided by 14?
2
What is the remainder when 1197 is divided by 24?
21
Calculate the remainder when 425 is divided by 71.
70
Calculate the remainder when 116 is divided by 78.
38
What is the remainder when 125 is divided by 9?
8
Calculate the remainder when 47 is divided by 12.
11
What is the remainder when 403 is divided by 37?
33
What is the remainder when 55 is divided by 19?
17
Calculate the remainder when 568 is divided by 64.
56
What is the remainder when 113 is divided by 36?
5
Calculate the remainder when 68 is divided by 24.
20
Calculate the remainder when 76 is divided by 32.
12
Calculate the remainder when 2373 is divided by 72.
69
Calculate the remainder when 2741 is divided by 2736.
5
Calculate the remainder when 180 is divided by 62.
56
Calculate the remainder when 392 is divided by 22.
18
What is the remainder when 113 is divided by 21?
8
What is the remainder when 1096 is divided by 18?
16
Calculate the remainder when 435 is divided by 21.
15
Calculate the remainder when 21884 is divided by 114.
110
What is the remainder when 43 is divided by 13?
4
What is the remainder when 172 is divided by 88?
84
What is the remainder when 820 is divided by 25?
20
What is the remainder when 115 is divided by 54?
7
What is the remainder when 580 is divided by 259?
62
Calculate the remainder when 242 is divided by 84.
74
Calculate the remainder when 49 is divided by 3.
1
Calculate the remainder when 188 is divided by 21.
20
Calculate the remainder when 421 is divided by 136.
13
What is the remainder when 163 is divided by 34?
27
Calculate the remainder when 1047 is divided by 30.
27
Calculate the remainder when 188 is divided by 12.
8
Calculate the remainder when 152 is divided by 55.
42
Calculate the remainder when 33737 is divided by 140.
137
Calculate the remainder when 71 is divided by 21.
8
What is the remainder when 423 is divided by 124?
51
What is the remainder when 186 is divided by 63?
60
Calculate the remainder when 418 is divided by 32.
2
Calculate the remainder when 500 is divided by 136.
92
What is the remainder when 190 is divided by 99?
91
What is the remainder when 249 is divided by 93?
63
Calculate the remainder when 218 is divided by 50.
18
What is the remainder when 836 is divided by 74?
22
What is the remainder when 107 is divided by 20?
7
Calculate the remainder when 231 is divided by 13.
10
What is the remainder when 47 is divided by 21?
5
Calculate the remainder when 96 is divided by 32.
0
Calculate the remainder when 1132 is divided by 81.
79
What is the remainder when 272 is divided by 9?
2
What is the remainder when 114 is divided by 30?
24
What is the remainder when 33 is divided by 27?
6
What is the remainder when 3523 is divided by 63?
58
What is the remainder when 15 is divided by 13?
2
What is the remainder when 411 is divided by 80?
11
Calculate the remainder when 485 is divided by 41.
34
Calculate the remainder when 538 is divided by 60.
58
What is the remainder when 195 is divided by 50?
45
What is the remainder when 1146 is divided by 31?
30
Calculate the remainder when 1663 is divided by 38.
29
What is the remainder when 658 is divided by 30?
28
Calculate the remainder when 401 is divided by 46.
33
Calculate the remainder when 167 is divided by 123.
44
Calculate the remainder when 321 is divided by 66.
57
Calculate the remainder when 101 is divided by 35.
31
What is the remainder when 5297 is divided by 16?
1
What is the remainder when 185 is divided by 6?
5
What is the remainder when 106 is divided by 29?
19
What is the remainder when 3915 is divided by 157?
147
What is the remainder when 130 is divided by 43?
1
Calculate the remainder when 22 is divided by 3.
1
What is the remainder when 516 is divided by 249?
18
Calculate the remainder when 404 is divided by 225.
179
Calculate the remainder when 829 is divided by 22.
15
Calculate the remainder when 175 is divided by 39.
19
What is the remainder when 126 is divided by 8?
6
What is the remainder when 132 is divided by 8?
4
Calculate the remainder when 91 is divided by 27.
10
Calculate the remainder when 336 is divided by 26.
24
Calculate the remainder when 214 is divided by 30.
4
Calculate the remainder when 2386 is divided by 459.
91
What is the remainder when 21838 is divided by 16?
14
Calculate the remainder when 123 is divided by 32.
27
Calculate the remainder when 102 is divided by 45.
12
What is the remainder when 602 is divided by 98?
14
Calculate the remainder when 162 is divided by 19.
10
What is the remainder when 1133 is divided by 1133?
0
What 